t common factor of 10 and x.
5
Suppose 0 = -4*i + 3*c + 29, 0*i - 3*c = 5*i - 43. Suppose -i = -3*h - h. What is the highest common divisor of h and 3?
1
Let r = -38 + -58. Let f be (6/12)/((-2)/r). Calculate the greatest common factor of 60 and f.
12
Suppose -5*m + 128 = 4*x, 4*x - 21 = 3*x - 4*m. Let c = 82 - x. What is the highest common divisor of c and 18?
9
Let t(s) = s**2 + 4*s + 5. Let z be t(-4). Suppose -21 = -d + 4*r, -4*d + 41 = -z*r + 1. Suppose 109 + 6 = d*j. What is the greatest common factor of 184 and j?
23
Let y(u) = u**2 + 3*u - 10. Let w be y(-6). What is the greatest common divisor of 24 and w?
8
Let p = 5 + 5. Let i = 1 + p. Suppose i = -3*s + 29. What is the greatest common factor of s and 54?
6
Let i = 8 + 16. Suppose -24 = -3*k + a - 4*a, k = 3*a + i. Let p(m) = 4*m**2 - 5*m. Let c be p(-4). Calculate the highest common factor of c and k.
12
Let q = 68 - 38. Let u(b) = 5*b**3 - 2*b**2 - 2*b. Let m be u(2). Suppose 2*v = 12 + m. What is the greatest common divisor of q and v?
10
Let i be (-35)/(-15) + (-2)/6. Suppose -5*s + 5 = 2*a + 3*a, -i*a - s - 3 = 0. Let d = a + 13. Calculate the greatest common divisor of 1 and d.
1
Let k(d) = d**3 - 6*d**2 + 6*d - 2. Let r be k(5). What is the highest common divisor of 9 and r?
3
Suppose 0 = -2*w + 5*w + 15, -56 = -4*a + 4*w. What is the greatest common divisor of 45 and a?
9
Let w = -6 + 10. Suppose -k + w*p = -3, -5*k - 3*p + 87 = p. Suppose -3*m = 4*i + 1, 4*m = 4*i + 23 + 13. Calculate the greatest common divisor of m and k.
5
Let c(q) = q + 11. Let i = -5 - -6. Suppose 2*v + 9 = 3*j + i, 5*v + 3*j + 41 = 0. Let g be c(v). What is the greatest common divisor of 6 and g?
2
Let f = -31 + 39. Calculate the highest common divisor of 8 and f.
8
Let f be (-6)/4*(-48)/2. Calculate the greatest common divisor of 36 and f.
36
Suppose -15*p = -11*p - 160. Calculate the greatest common divisor of p and 10.
10
Suppose 0 = 4*h + 27 - 83. Suppose -4*r + 4*b - 14 = -2*r, -5*r - 7 = 4*b. Let w be (r + 2)/(1/(-14)). Calculate the highest common divisor of w and h.
14
Suppose 149 = 4*g + u, 5*u = -5*g - 0*u + 205. Suppose -n - 2*n = -g. What is the greatest common divisor of 18 and n?
6
Let u(y) = -45*y**3. Let c be u(-1). Let q(p) = p**2 - 3*p + 1. Let s be q(4). What is the greatest common factor of s and c?
5
Suppose -2*m + 165 = -285. Suppose -m = -3*v - 5*w, 4*v - 2*v - 150 = 4*w. Let t be 15*1 + 1 - 1. What is the greatest common divisor of v and t?
15
Let w = -4 + 7. Suppose w*f + 2*m - 3*m = 33, 5*f - 5*m = 55. What is the highest common divisor of 22 and f?
11
Let j be -9 + -3 + (-2 - -2). Let x be 26 - (-2 + j/(-3)). What is the greatest common divisor of x and 12?
12
Let f be 2/(306/152 + -2). Calculate the greatest common factor of 19 and f.
19
Let j = -11 + 29. What is the highest common divisor of j and 144?
18
Suppose 73 = 4*w + 13. Calculate the greatest common divisor of w and 30.
15
Suppose 0 = -0*f - 5*f. Let g = 3 + f. Suppose 5*c = 4*c + g. Calculate the greatest common divisor of c and 27.
3
Let x(y) = y**3 + y + 56. Suppose 0*c + z = -4*c, -2*z = -5*c. Let j be x(c). Let p = 28 - 14. Calculate the highest common divisor of p and j.
14
Let w be ((-2)/(-3))/((-2)/(-18)). Let j be (-6)/(-14) - (-950)/266. What is the highest common divisor of j and w?
2
Let m(i) = 7*i - 6. Let o be m(4). Suppose -130 = -2*f + 5*w, -8*f - w = -3*f - 271. Calculate the highest common divisor of o and f.
11
Let s be (-7 - 0)*18/(-9). Let j be 7*-1*(-2 + -14). What is the highest common divisor of s and j?
14
Let g = -22 + 54. Suppose a - 2 = 2. Suppose 95 = -a*p + 415. What is the highest common divisor of p and g?
16
Let q be (-2 - 130/(-35))/((-2)/(-21)). What is the highest common divisor of q and 6?
6
Let v be -16*(1 + 5/(-2)). Let n = v - 12. Let z be 722/6 - 4/n. What is the greatest common factor of 15 and z?
15
Suppose 2*x = -10, x - 535 = -5*a + 3*x. Let r = 4 + 11. Calculate the greatest common divisor of r and a.
15
Let b = -53 + 93. Calculate the highest common factor of 5 and b.
5
Let s = 23 + -11. Suppose 9*o - 3*o = 648. Calculate the greatest common divisor of s and o.
12
Let v = 1 + 3. Suppose -v = -3*g + 5*n + 18, 4*g + 5*n = 41. What is the highest common divisor of 27 and g?
9
Let c = 0 + 2. Suppose -4*d + 0*d + 40 = -2*o, -5*d - o + 36 = 0. Suppose d = w + c*i + 2, 4*i + 52 = 2*w. Calculate the highest common divisor of 112 and w.
16
Suppose -n + 131 = 4*z, 0 = 4*z + 6*n - 7*n - 141. What is the highest common factor of z and 2?
2
Suppose u = 2*i - 2*u - 54, -5*u + 86 = 4*i. Calculate the greatest common divisor of i and 36.
12
Let r(p) = p**3 - 3*p**2 + 3*p + 1. Let z(v) = -v**3 + 4*v**2 + 5*v + 3. Let h be z(5). Let j be r(h). Calculate the highest common factor of j and 80.
10
Let f(j) = j**2 + 3*j - 3. Let p be f(-5). Calculate the highest common divisor of 91 and p.
7
Suppose -5*q + 2*q + 3 = 0. Let m(w) = 15*w**3 - 2*w**2 + 1. Let p be m(q). What is the highest common divisor of 126 and p?
14
Let c(j) = -4*j**2 + 20*j + 10. Let m be c(5). Calculate the highest common factor of m and 30.
10
Let n(i) = 3*i**2 - 2*i - 1. Let m(t) = t**3 + 9*t**2 + 7*t - 9. Let s be m(-8). Let f be n(s). Calculate the greatest common factor of f and 44.
4
Suppose 2*p = 4*p - 8. Let j(b) = 2*b**3 + 13*b**2 + 4*b + 8. Let x be j(-6). What is the highest common factor of x and p?
4
Suppose -4*c - 5 = -37. What is the greatest common factor of 2 and c?
2
Suppose 4*c = -5*z + 232, -2*z - 323 = -8*c + 3*c. Let x be 2/12 + 5/6 + 6. Calculate the greatest common factor of c and x.
7
Let q(h) = 17*h - 1. Suppose -t = 3*t - 4. Let p be q(t). What is the highest common divisor of p and 32?
16
Suppose -4*p - c = -p - 13, 0 = 3*p + 3*c - 15. Suppose 3 = p*w - 5. What is the greatest common divisor of 5 and w?
1
Suppose u + u = 32. Let h = 7 - u. Let w be h/(-2) + (-2)/4. Calculate the highest common divisor of 10 and w.
2
Let x(y) = y**3 - 8*y**2 + 22*y - 17. Let v be x(5). Suppose 0 = t + 3 - 6. Calculate the greatest common divisor of v and t.
3
Let f = 50 + -30. What is the highest common divisor of 10 and f?
10
Suppose 5*i = z + 8, 2*z = i + 2*i + 19. What is the greatest common divisor of 187 and z?
17
Let d(t) = -t**2 - 15*t - 8. Let r be d(-8). Let p(a) = -6*a - 1 - 2 + 0*a - 3*a. Let o be p(-3). Calculate the greatest common divisor of o and r.
24
Let s = -14 - -56. What is the greatest common divisor of 42 and s?
42
Let v be 132/(-8)*(-16)/(-18)*-3. What is the greatest common divisor of 4 and v?
4
Suppose 0 = -3*j + 4 + 17. What is the greatest common factor of j and 21?
7
Let h be (-3)/(3 + 30/(-9)). Let x be (27/(-2))/(h/(-12)). Suppose m + 132 = 2*f - 3*m, 4*f - m = 285. What is the greatest common factor of x and f?
18
Suppose 13*p - 8*p - 160 = 0. Calculate the highest common divisor of 8 and p.
8
Let u = -6 + 9. Suppose s = -u*s + 96. Calculate the greatest common factor of 12 and s.
12
Let l be 1 + 202 + (0 - -4). Calculate the highest common divisor of l and 23.
23
Suppose 6 = -3*w - 3*a, 5*w - a = 5 + 3. Suppose 2*u = 5*n + 34, -3*u + 3*n - w = -34. Calculate the highest common factor of 14 and u.
7
Suppose -4*a + 8 = 2*g, a = 2*g + 11 - 14. Calculate the highest common divisor of g and 10.
2
Let b be 12/42 - (-40)/7. Let t be 1/(-2 + 1) + b. Calculate the greatest common factor of t and 15.
5
Let a(v) = v**2 - 10*v - 4. Let f be a(13). Suppose 5*s = -4*t - 4, -3*s + 3*t + 0*t = -3. Suppose 0 = w - s - 5. What is the greatest common factor of f and w?
5
Suppose -30 - 123 = -y. Let l = 50 - 23. Let g = y + l. Calculate the greatest common factor of 20 and g.
20
Let h be 12/(-1)*(-16)/32. Calculate the greatest common divisor of h and 3.
3
Suppose 5*f = -4*o + 7, 4*f = 4*o - 6 - 10. Let v be (-3)/2*(f - 1). Calculate the greatest common divisor of 27 and v.
3
Let a(m) = m**3 + 8*m**2 - 4*m + 10. Let b be a(-8). Calculate the highest common factor of b and 7.
7
Suppose -3*x + 3*t + 235 = 52, 4*x + 3*t - 244 = 0. Calculate the highest common factor of x and 305.
61
Let a = 4 + -6. Let d(q) = 10*q**3 - q**2 + 2*q - 1. Let g be d(2). Let i be g - (0/1 - a). What is the highest common factor of 11 and i?
11
Let w(r) = 2*r + 8. Let t be w(6). What is the highest common factor of 30 a